 j(s) = 4*s. Calculate j(u).
-28
Let x(b) = -b**2 + 8*b + 1. Let f be (-12)/8 - -1 - 171/(-18). What is x(f)?
-8
Let h(x) = -x**3 + 11*x**2 - 10*x + 5. Let d be h(10). Suppose -2*p + 17 = d. Let m(k) = -k**3 + 5*k**2 + 6*k - 1. Give m(p).
-1
Let g be 4/(-14) + ((-320)/28)/2. Let d be 44/g - (2/3 - 0). Let x(v) = v**2 + 8*v + 9. Calculate x(d).
9
Suppose 4*j = 65 + 115. Suppose 15 - j = 5*k. Let a(o) = -o**3 - 6*o**2 - 6. Determine a(k).
-6
Let i(l) = 9 - 1720*l**2 + 3442*l**2 - 1721*l**2 - 8*l. Let p be (-2)/(-7) + (-40)/(-7). What is i(p)?
-3
Let f(v) = -5*v + 5. Let b(z) = 2*z + 1. Let s be -5 - ((-6)/2 - (4 + -4)). Let r(d) = s*b(d) - f(d). Calculate r(0).
-7
Let c(x) = -x**3 - x**2. Let b be c(0). Let i be (b - -2)/(16/(-72)). Let f(l) = -l**3 - 8*l**2 + 9*l - 1. Give f(i).
-1
Let b = 1387 + -1395. Let p(d) = -d**2 - 8*d - 10. Calculate p(b).
-10
Let v(u) be the first derivative of -1/4*u**4 + 7*u + 5 - 2*u**3 + 1/2*u**2. Give v(-6).
1
Let y(v) = v**3 + 4*v**2 + 5. Let s(j) = 25*j - 5. Let h(r) = 76*r - 14. Let o(m) = 3*h(m) - 8*s(m). Let u be o(1). Suppose -22*i = -u*i - 16. What is y(i)?
5
Let w(a) = -18*a + 13. Let y be w(1). Let h(q) = q + 2 - 4 + q - 3. Give h(y).
-15
Let q(x) = -x**2 - 11*x + 27. Let t be q(-11). Let j(g) = 1 - t*g**2 + 11*g**2 + 15*g**2. Determine j(-1).
0
Let g(u) = -12*u + 8. Suppose -6 = -106*k + 104*k. Calculate g(k).
-28
Suppose -3*u + 18 = -0*u. Let g(q) = 3*q**3 + q**3 + 4*q**3 - 7*q**3 - 1 + 0 - 6*q**2. Give g(u).
-1
Let b be (6/4)/(3/4). Let y(w) = -1. Let z(j) = -3*j - 13. Let a(x) = -14*y(x) + z(x). Calculate a(b).
-5
Suppose -r + 4 = -3*b - 6, 0 = -4*b - r - 18. Let u(g) = 2 - 5*g**2 + g**3 + 2*g**3 - 3*g - 4*g**3. Give u(b).
-2
Let b(j) be the first derivative of -j**6/360 + j**5/10 - 5*j**4/8 - 5*j**3/3 - 12. Let h(d) be the third derivative of b(d). Calculate h(10).
5
Suppose 4*w = -4*d + 28, w - 3*d = 5*w - 33. Let l be (6*(-8)/w)/(-1). Let v(u) = 0 + l + 5 + u**2 + 9*u - 1. Calculate v(-7).
-6
Let k(y) = -2*y**2 + 8*y - 18. Let g be 1/((-32)/(-120)) - (-1)/4. Calculate k(g).
-18
Let i(k) = -k**3 - 2*k**2 - 2*k - 2. Let j be i(-2). Let v(q) = -q**3 + q**2 + 2*q. Let y be v(j). Let m(w) = -3 + 108*w - 209*w + 102*w. Determine m(y).
-3
Let n(c) = -3*c - 37. Let b be (110/(-50))/((-3)/(-15)). Determine n(b).
-4
Let w(s) = 7*s - 2*s - 10*s**3 + 4 + 9*s**3. Give w(-3).
16
Let a(b) be the first derivative of 9*b**4/2 - 3*b**2/2 - 2*b + 245. Determine a(-1).
-17
Let o(r) = -17*r**2 + 6*r + 1 - 13 + r + 0*r + 18*r**2. Calculate o(-9).
6
Suppose 0 = 4*x - 7 - 9. Suppose 0 = -2*u + x, -i + 8 = 2*u + 2. Let j(m) = 0 - 1 - i*m + 2. What is j(-1)?
3
Let f(x) = 11056 - 11058 + 2*x**3 + 0*x**3 + x**3 - 3*x**2 + x. Suppose 5 = 2*m + 1. What is f(m)?
12
Let c = 61 - 47. Suppose o + c = -o. Let p(v) = -v**3 - 6*v**2 + 8*v + 4. Calculate p(o).
-3
Let t(q) = 8*q + 1. Suppose -15*z = -17*z + 6. Determine t(z).
25
Suppose 0*b + 5*b + 3*v + 10 = 0, 0 = -2*v. Let n be (-28)/(-20) + (-2)/5. Let k(j) = -n + 4 + 3*j + j. Calculate k(b).
-5
Let c(g) = -227*g**2 - 906*g + 2. Let k be c(-4). Let l(s) be the third derivative of s**4/24 + s**3/3 - s**2. Give l(k).
-4
Suppose 3*f = 3*d + 6 - 3, 3*d = f + 1. Suppose 3*r - 8 = 2*o, -6*o = 3*r - 4*o - 4. Let u(c) = 122*c - 2 + c**f - 117*c - 7 + r. Calculate u(-5).
-7
Let h(a) be the second derivative of -a**5/20 + 11*a**4/12 - 11*a**3/6 + 5*a**2/2 + 51*a - 2. Determine h(10).
-5
Let o(p) = -4*p + 2*p - 5*p + 4*p - 45 + 4*p. What is o(0)?
-45
Let g(d) = -16*d - 17*d + 60*d + 8 - 19*d - 11*d + d**2. Give g(6).
26
Let j(l) be the third derivative of l**4/24 - 5*l**3/6 + 99*l**2 - 2*l. Calculate j(-7).
-12
Let r(b) = -6*b - 7. Let c be 20*15/(-165) + 4/(-22). Calculate r(c).
5
Let f(g) = -5*g - 16. Let m(y) = 3*y + 10. Let a(n) = 4*f(n) + 7*m(n). Determine a(-12).
-6
Let b(n) = 2*n**2 + 13*n + 7. Let z be (180/(-75))/((-2)/(-5)). What is b(z)?
1
Suppose -10*z - 34 - 26 = 0. Let b(x) = 14*x**3 - 2*x**2 + 8*x - 1. Let j(o) = o. Let c(v) = z*j(v) + b(v). Calculate c(1).
13
Let i = -54 + 57. Let b(q) = -q**3 + 4*q**2 - 3*q - 3. What is b(i)?
-3
Let t be (-2 - (2 + -3) - 0)*-30. Suppose 2*j + t = 4*n + n, -4*j = 5*n - 30. Let s(l) = -l**2 + 8*l + 3. Determine s(n).
15
Let r = 518 - 517. Let o be ((-6)/4)/(3/(-4)). Let t(h) = h + h**o - 1 + 2*h**3 + 1 - 1. Determine t(r).
3
Let h(b) be the second derivative of -b**4/12 - 5*b**3/6 - 3*b**2 + 94*b. Let w be (-2)/(-3)*45/3. Suppose 0 = 2*m - 0*m + w. Determine h(m).
-6
Let b = 164 - 167. Let a(d) = d**2 - 5. What is a(b)?
4
Let q(j) = -j**3 - 10*j**2 + j + 13. Let u(y) = -y**3 + 12*y**2 - 17*y + 56. Let p be u(11). Determine q(p).
3
Let z(b) = 2 - 8 + 2*b**2 - b**2 - 6*b. Let a = 65 - 60. Give z(a).
-11
Let b = 1267 + -1263. Let k(g) = 3*g. Determine k(b).
12
Let d(v) = 4*v - 7*v - 3 + 6*v. Let j(n) = -7*n + 5. Let s(g) = 5*d(g) + 2*j(g). Determine s(5).
0
Let s(h) = h + 7. Suppose 0 = -4*a + 8, -i - 2*a + 2 = -12. Suppose g = -3*f - 7, 0 = -3*f + f + i. Let v = g - -17. Give s(v).
2
Let f(r) = -r**3 + 3*r**3 + 4*r - 3*r**3 - 1 - r - 4*r**2. Let v be ((-7)/6)/(-7) + 200/(-48). Calculate f(v).
-13
Let r(v) = v - 1. Let g(m) = m**2 - 2*m - 3. Suppose -b + q = -10, -3*q + 2*q + 15 = 4*b. Let w(k) = b*r(k) - g(k). Calculate w(5).
8
Let d(n) = -n**2 - 3*n - 9. Let s be 1/(-3) - 450/27. Let t(r) = -3*r**2 - 9*r - 26. Let x(v) = s*d(v) + 6*t(v). Calculate x(-2).
-1
Suppose 3*t + u = 4*u - 6, 0 = -4*t + 2*u - 10. Let g(z) = 2*z**2 - 4 + 0*z + z + 2*z. What is g(t)?
5
Suppose -8 = 2*c - 20. Suppose -d = 2*d + c, -4 = -2*l + d. Let j(g) = g**2 + g + 1. Let m(k) = -2*k**2 - 2. Let n(s) = -j(s) - m(s). Determine n(l).
1
Let o = 386 - 381. Let l(n) = 2*n**2 - 6*n + 15. Let q(m) = 3*m**2 - 9*m + 23. Let g(d) = 8*l(d) - 5*q(d). What is g(o)?
15
Let u(j) = -j**3 - 29*j**2 + 31*j + 36. Let a be u(-30). Let z(s) = -s**3 + 5*s**2 + 4*s + 5. Calculate z(a).
-7
Suppose 24*n - 14*n = 70. Let w(o) = 5*o + 8. Determine w(n).
43
Let j(s) = -27 - s**2 - 40 + 2*s**2 - 17 - 12*s + 106. Calculate j(10).
2
Let c be (-45)/6 + (-1)/(-2). Let h(q) = -10 + 19*q - 16*q - 4*q. Determine h(c).
-3
Let b(n) = 69*n**2 - 72*n**2 - 2*n - 3 + 0 + n**3. What is b(3)?
-9
Let q(x) = x + 12*x**2 - 5*x**2 - 8*x**2 - 3*x**2 + 6 + 3*x**2. Calculate q(5).
-14
Let n(w) = -16*w**2 + 15*w - 8. Let v(k) = -7*k**2 + 7*k - 4. Let j(l) = -4*n(l) + 9*v(l). Give j(-4).
0
Let f(o) be the third derivative of o**7/5040 + o**6/720 + 17*o**5/60 - 12*o**2. Let j(r) be the third derivative of f(r). Calculate j(-5).
-4
Suppose 0 = 252*t - 255*t - 3. Let i(o) = 35*o**2 + 30*o. Let x(s) = -s**2 - s. Let v(w) = i(w) + 30*x(w). What is v(t)?
5
Let p(j) = 17*j**2 + 394 + 385 - j - 778. Give p(1).
17
Suppose -4*u = 8, 5*f - 12 = -5*u + u. Suppose 5*a - b + 4 = -3, 0 = 2*a - 3*b + 8. Let r = f + a. Let o(d) = -d**3 + 2*d**2 + 2*d - 2. Give o(r).
-5
Let d(k) = -k**3 + 5*k**2 - 4*k + 2. Let a = 229 - 227. What is d(a)?
6
Let q be (30/(-12) - -1)*6/9. Let r(u) = -10*u**3 + u. What is r(q)?
9
Let k(u) = -6*u - 10 - 4 - 112*u**2 + 223*u**2 - 110*u**2. Calculate k(8).
2
Let p(i) = 2 + 5*i + 0 + i. Suppose n - 4 = -t - 2, 3*t + 4 = -n. Calculate p(n).
32
Let g(w) be the third derivative of w**6/10 - w**5/30 + w**3/6 + 6*w**2 - 18. Determine g(1).
11
Let s(v) = -22*v - 2. Let i(y) = -11*y - 1. Let n(h) = 9*i(h) - 4*s(h). Suppose 2 = -56*x + 58*x. Determine n(x).
-12
Let k(z) = -2*z + 1. Let o = 17 + -8. Let j be -6 + o + 3*-2*1. Calculate k(j).
7
Let p(y) be the third derivative of -y**6/120 + y**5/12 - 5*y**4/24 - 6*y**2. Determine p(4).
-4
Suppose 13*l - 8*l = 580. Let v = l - 122. Let f(b) = -b**2 - 6*b + 1. What is f(v)?
1
Let n be (2 - (4 - 4))*2. Let u(l) be the third derivative of -l**4/8 + 2*l**3/3 + 2*l**2 - 179*l. Give u(n).
-8
Suppose -2*d = 24 - 0. Let y(o) = -8*o - 39. Let x be y(-6). Let m = x + d. Let v(j) = -j**2 - 7*j - 4. Determine v(m).
8
Let o(x) = -x - 1. Suppose 12 = 3*i, -5*v - 1 + 0 = -4*i. Suppose -u - u - 26 = 5*f, -3*f = -v*u + 24. Give o(f).
5
Let x(c) = -2*c**2 - 14*c - 9. Let p(k) = -k**2 - 7*k - 4. Suppose 3*a - 5*j = -20, -2*j = a + 4*a + 23. Let n(l) = a*p(l) + 2*x(l). Determine n(-5).
-8
Let w(a) = -a**2 + 4*a + 4. Let y(h) be the first derivative of 1/2*h**2 + 0*h - 1. Let r(l) = -w(l) - y